500 (base 7) to base 11.
1817a9
1b77ac (base 14) to base 3
1211211212020
What is 1111001011000111001010 (base 2) in base 14?
757838
What is -14121410 (base 5) in base 16?
-2374e
Convert 1201101020 (base 3) to base 8.
102022
-6471255 (base 10) to base 9
-13152803
What is -21224201 (base 5) in base 10?
-179926
1e0d2 (base 15) to base 2
10111111100011000
-1519163 (base 13) to base 12
-2307902
Convert 1142540 (base 6) to base 4.
32231130
-122444513 (base 6) to base 8
-11025135
What is -1522644 (base 7) in base 2?
-110010101010001010
Convert -144232140 (base 5) to base 10.
-774045
5962d (base 16) to base 6
11503005
What is -304232231 (base 5) in base 4?
-10233123000
What is 2161052 (base 8) in base 5?
122112221
Convert 1491b6 (base 15) to base 13.
289a85
What is -50210065 (base 8) in base 6?
-1014123445
What is 422142211 (base 5) in base 6?
101345151
-70cd (base 16) to base 7
-150122
-21542 (base 8) to base 6
-105534
What is 302240 (base 6) in base 16?
5d30
Convert -12313110 (base 4) to base 13.
-ca4a
Convert -1140443 (base 8) to base 4.
-1030010203
104261652 (base 7) to base 10
6284091
Convert 426467 (base 15) to base 8.
14033675
What is 99510 (base 13) in base 15?
57420
What is 40606145 (base 7) in base 5?
1332202104
What is 13ba8 (base 12) in base 3?
1101220102
Convert -c1bc0 (base 14) to base 10.
-466060
2b6dfc (base 16) to base 10
2846204
Convert 1747023 (base 9) to base 5.
222214102
-1010111000111011 (base 2) to base 5
-2411403
Convert 336089 (base 11) to base 9.
1005081
8a6b5 (base 13) to base 8
753344
What is 10adde0 (base 15) in base 6?
1103555433
What is -363441 (base 11) in base 15?
-b57d1
10110201010202 (base 3) to base 12
74b49b
Convert 22210200121 (base 3) to base 11.
109203
Convert -2045212 (base 7) to base 4.
-330033010
Convert -39118c (base 13) to base 15.
-1c1e0a
Convert 54462142 (base 7) to base 5.
2143430320
What is -6eeeb (base 16) in base 6?
-13423335
What is 21102101 (base 5) in base 2?
101010110010101100
Convert 11672461 (base 9) to base 3.
101202102112001
Convert -524716 (base 11) to base 2.
-11001101010000010101
Convert -5014845 (base 9) to base 12.
-a8774b
Convert -4212420120 (base 5) to base 6.
-510500022
What is -5472 (base 11) in base 7?
-30021
What is 230133530 (base 6) in base 3?
21220222011100
Convert 1822167 (base 10) to base 6.
103015543
-421522225 (base 6) to base 8
-34064511
Convert 100313331 (base 5) to base 13.
110742
-211111200 (base 4) to base 5
-14343203
-4424ac (base 13) to base 10
-1604628
Convert 2020031210 (base 4) to base 5.
120323144
bb5964 (base 12) to base 16
2d661c
-722036 (base 9) to base 16
-687b4
2155643 (base 9) to base 12
47a7b6
Convert 231123311 (base 4) to base 7.
1403366
-2841053 (base 9) to base 4
-11331122313
Convert 102023322 (base 4) to base 15.
17110
-44317 (base 11) to base 4
-33230031
-11101000111000100 (base 2) to base 15
-254e1
What is -23341264 (base 7) in base 13?
-571b76
Convert 9860 (base 10) to base 7.
40514
What is 2043442 (base 7) in base 3?
110111122221
Convert -381594 (base 12) to base 3.
-1201111001211
What is 14241404 (base 5) in base 2?
100100100001100100
Convert 3312110 (base 4) to base 11.
10931
-145278 (base 10) to base 16
-2377e
5a6006 (base 11) to base 15
13e522
What is 40367 (base 15) in base 7?
1504426
13334220 (base 5) to base 11
93873
Convert 12122024 (base 5) to base 9.
183352
44158 (base 13) to base 3
20021002201
3041302 (base 6) to base 4
203201012
Convert 1111000110111100101111 (base 2) to base 13.
a88984
Convert 79ed0 (base 15) to base 13.
107856
What is -1001111001010110010 (base 2) in base 5?
-40334044
11561403 (base 7) to base 8
3757457
-1c594 (base 16) to base 15
-24611
-1022212001122 (base 3) to base 5
-140040331
88a6303 (base 11) to base 9
32340581
What is 6421505 (base 7) in base 15?
105a12
What is 282248 (base 9) in base 2?
101010000011011010
What is -863881 (base 14) in base 4?
-101111020121
-2d552 (base 16) to base 2
-101101010101010010
-5045436 (base 7) to base 2
-10010010011011101011
What is 8568099 (base 11) in base 13?
317b31b
What is -111020121102 (base 3) in base 6?
-5330532
Convert 139500 (base 12) to base 14.
873d6
-13103110 (base 5) to base 16
-1f612
Convert 10011111011001100001101 (base 2) to base 16.
4fb30d
-611aa (base 13) to base 7
-1322626
-5a61f3 (base 16) to base 15
-7c00ca
What is -216329 (base 11) in base 5?
-42020443
Convert 106234 (base 8) to base 2.
1000110010011100
-38754 (base 14) to base 4
-201312112
Convert -2333233 (base 4) to base 13.
-577c
1320303120 (base 4) to base 3
221010202020
Convert -10201100200 (base 4) to base 7.
-13033141
-3bba1 (base 13) to base 7
-644031
5547247 (base 8) to base 6
52011515
Convert -8b196a (base 14) to base 9.
-8808020
What is -105466 (base 9) in base 6?
-1204010
What is -258a51 (base 14) in base 16?
-13b5bf
What is 1000000011101010101 (base 2) in base 8?
1003525
-411230 (base 6) to base 7
-164232
-a26a97 (base 12) to base 9
-4703517
2a2dd7 (base 14) to base 4
11212122001
Convert -46c2 (base 13) to base 7.
-41016
-345425 (base 7) to base 3
-10010222122
What is 6717115 (base 10) in base 15?
8ca3ca
Convert 30d06 (base 16) to base 6.
4141354
What is 1222401 (base 5) in base 8?
55664
-1231708 (base 9) to base 12
-284052
-657121 (base 10) to base 14
-131693
What is a93a54 (base 11) in base 10?
1747541
What is -51568 (base 10) in base 9?
-77657
-1213673 (base 9) to base 10
-658839
420283 (base 13) to base 2
101111000101001010011
Convert -83e2e5 (base 15) to base 8.
-27737346
-30845 (base 9) to base 13
-9371
Convert 2213720 (base 8) to base 14.
11725a
Convert 43205405 (base 6) to base 8.
4675115
What is -1332370 (base 9) in base 6?
-23351443
101111001100100100 (base 2) to base 4
233030210
What is 134330441 (base 5) in base 4?
2222213313
Convert -2a211 (base 11) to base 14.
-11886
What is 860026 (base 9) in base 6?
14545210
What is 48a5d (base 15) in base 5?
24404323
7042 (base 14) to base 12
b196
1000311201 (base 4) to base 14
6cad3
17316 (base 10) to base 11
12012
Convert 167754 (base 14) to base 16.
c09ee
-152acc (base 15) to base 2
-11111001011011111100
2412410 (base 7) to base 15
6092b
What is 3bbba5 (base 12) in base 3?
1212120022022
Convert 134ca94 (base 13) to base 7.
102464002
-a1601 (base 15) to base 4
-1330300000
Convert 2355bd (base 14) to base 7.
13151226
What is -456222 (base 9) in base 14?
-7199b
Convert -160461631 (base 7) to base 11.
-60a94a3
46246 (base 9) to base 14
b338
What is -650044 (base 9) in base 11?
-244955
161725 (base 10) to base 15
32dba
-123728 (base 9) to base 6
-1334555
Convert -213003223011 (base 4) to base 10.
-10238661
Convert 21211001021201 (base 3) to base 14.
7a1c1c
What is 10201000211 (base 3) in base 5?
4313142
Convert -424420134 (base 5) to base 10.
-1795044
-3311102 (base 4) to base 2
-11110101010010
What is -355457 (base 8) in base 5?
-12343042
What is -100222240 (base 5) in base 3?
-202020120020
-1204454 (base 8) to base 3
-121202201021
-2441250 (base 6) to base 3
-20121012210
What is -8053642 (base 9) in base 6?
-231515232
Convert 12220100200220 (base 3) to base 11.
1852697
What is -167db (base 16) in base 8?
-263733
Convert -2011210201 (base 3) to base 16.
-a774
Convert -2020001111100 (base 3) to base 4.
-10200211311
What is a2a37 (base 13) in base 15?
5b695
What is 2f0b05 (base 16) in base 7?
35130243
What is -b3abcd (base 15) in base 12?
-2a3ab4a
Convert -1011111101001111101 (base 2) to base 10.
-391805
Convert 246722 (base 9) to base 15.
2e388
What is -47044 (base 8) in base 3?
-1000102220
What is 2621787 (base 11) in base 3?
22112201001120
Convert -98690 (base 10) to base 3.
-12000101012
What is -110212202001202 (base 3) in base 15?
-903088
What is -11333233031 (base 4) in base 8?
-5775715
Convert -18b7468 (base 12) to base 7.
-62230223
160988 (base 11) to base 3
110201001022
What is -2372352 (base 8) in base 14?
-12db2a
-802048 (base 9) to base 13
-137915
What is 10001211211011 (base 3) in base 8?
6160662
What is 13112103 (base 5) in base 15?
2836d
3200110022 (base 4) to base 10
918794
What is -120221111201200 (base 3) in base 8?
-40246142
32326644 (base 7) to base 9
5171763
What is -11001101101010110 (base 2) in base 3?
-12100110002
Convert -1000100101101011 (base 2) to base 3.
-1210020221
What is -250a2a9 (base 11) in base 6?
-233254400
Conv